 244 = 5*d + 19. Suppose -4*m + d = 25. Let z be 0 + -1 - (-2 - m). What is the highest common divisor of 24 and z?
6
Suppose 346 + 87 = 5*g + 2*u, -2*g - u = -174. What is the greatest common factor of 10 and g?
5
Let g(w) = w**3 + 9*w**2 + 4*w - 1. Let j be g(-4). Suppose -2555 - 11725 = -136*m. What is the greatest common divisor of j and m?
21
Let z = 52 - 54. Let b be ((-5)/((-5)/z))/(1/(-4)). Let c = -116 + 172. Calculate the greatest common factor of b and c.
8
Suppose 25 - 5 = 5*x - 3*c, x - 2*c + 3 = 0. Suppose 3*y + 13 = 2*u, 5*u - 37 + x = 5*y. What is the highest common divisor of u and 45?
5
Suppose 44 + 154 = 22*v. What is the highest common divisor of v and 27?
9
Let t = -23 + 43. Let l be (115/t)/((-1)/(-4)). What is the greatest common divisor of l and 184?
23
Suppose -161 = 4*c - 141, 0 = 5*r + 2*c - 1190. What is the greatest common factor of 80 and r?
80
Suppose r - 2*z - z = -18, -72 = 4*r - 3*z. Let c = r - -21. Calculate the greatest common divisor of 33 and c.
3
Suppose 0 = 28*z + 28*z - 10640. Calculate the greatest common factor of 40 and z.
10
Let a be 0 - (5 + -62 - -5). What is the highest common divisor of 260 and a?
52
Suppose 0 = h + 5*s - 97, -h + 3*s + 25 + 32 = 0. Let a(j) = 12*j**2 - j + 3. Let r be a(3). Calculate the highest common factor of r and h.
36
Let a = -24 + 44. Let w = -10 + a. Let s = 8 - -22. Calculate the greatest common divisor of w and s.
10
Suppose -3*b = -2*k + 63 + 110, 5*k + b = 407. Calculate the greatest common divisor of k and 246.
82
Let a(l) = -118*l - 2. Let n be a(-4). Suppose -3*x + n = -2*b, -4*x + 2*b + 632 = -2*b. Calculate the highest common factor of 14 and x.
14
Let i be (-2 + (-15)/(-10))*-12. Let h be (63/(-12))/(i/(-16)). Calculate the greatest common divisor of 14 and h.
14
Suppose -133*o - 2*z = -137*o + 534, -3*o + 4*z + 393 = 0. What is the highest common divisor of o and 15?
15
Suppose -2*m + 6 = u, -5*m - 15 = 5. Let y be (-2)/1*u/(-14). Suppose -y*a + 36 = 2*a. Calculate the highest common divisor of 81 and a.
9
Suppose -9 = -x - 7. Let n(o) = o + 3. Let j(p) = -p - 3. Let c(s) = -6*j(s) - 4*n(s). Let u be c(x). Calculate the highest common divisor of 25 and u.
5
Let t(m) = 6*m**3 - m + 1. Let k be t(1). Let j = 8 - k. Suppose x - 3 = -j*c + 2, -5*x - c = -34. What is the greatest common factor of x and 35?
7
Let s be 4 + -6 + (1 + 61 - 3). Let d(q) = q**2 - q. Let t be d(1). Suppose 0 = -3*a - t*a + 57. What is the highest common factor of s and a?
19
Let j(m) = 2*m**3 - 5*m**2 + 6*m. Let v be j(3). Let d be 4/(((-24)/v)/(-2)). What is the greatest common divisor of 63 and d?
9
Suppose -3*d = -0*d + 9, 0 = 4*t - 2*d - 26. Let r be (-1)/(3 + 309/(-102)). Suppose 0 = -t*x + r + 296. Calculate the greatest common divisor of x and 6.
6
Let g be 2/8*668 + 6/2. What is the highest common divisor of 17 and g?
17
Let v be 488/10 + 2/10. Let i = -24 - -16. Let k = i + 15. Calculate the greatest common factor of k and v.
7
Let n be 2 + (2 - 2) - -4. Suppose 30 = 4*l + 3*k - 2, -2*l = 4*k - n. Let p = 39 - -5. What is the highest common divisor of l and p?
11
Let w = 671 - 624. Calculate the highest common divisor of w and 517.
47
Let s be 990/25 + 8/20. Suppose -2*f - 6 = -4*l - s, 2*l = -4*f + 88. Suppose 4 = w - 3. Calculate the greatest common divisor of w and f.
7
Let a(l) = -l**2 - 13*l - 20. Suppose 4*c = -4*c - 64. Let h be a(c). Calculate the greatest common divisor of h and 70.
10
Let r(s) = -2*s**2 + s. Let x be r(-2). Let v be 7 + x*(-3)/(-6). Calculate the highest common divisor of 22 and v.
2
Suppose -g - 40 = -5*g. Calculate the greatest common factor of g and 10.
10
Suppose 0 = -6*d + 10*d + 60. Let k be (-22)/((40/d)/4). Suppose -5*y + t = 26 - 77, t - 4 = 0. Calculate the greatest common factor of y and k.
11
Let r(l) = l**3 + 10*l**2 + l + 73. Let s be r(-7). What is the highest common divisor of s and 497?
71
Let x = 7 + 19. Suppose 10*r - 5*r = 90. Let t be (-4)/r - 353/(-9). Calculate the highest common divisor of x and t.
13
Let m(h) = -h + 8. Let j be m(5). Suppose -y - 1 = j*l - 12, -y + 32 = -4*l. Let f = -43 + 73. What is the highest common divisor of y and f?
10
Suppose 0 = 67*k - 80*k + 208. Let v be (-21 - (-1)/(-1))/1. Let z = 38 + v. What is the greatest common factor of z and k?
16
Suppose -z - 10 = -3*w, -26 + 1 = -5*z. Suppose 2*y + w*k = -30, 30 = -3*y + y + k. Let j be (13/1)/(y - -16). What is the greatest common factor of j and 143?
13
Let y be 91 + -7 - (-6 + -6). Let k = 27 - 15. Calculate the highest common factor of k and y.
12
Let r be (-9 - -8)*-1194 - 4. Calculate the greatest common divisor of r and 28.
14
Let q be (-4)/(-10) + 42/(-5). Let p be 2/q - 342/(-24). Suppose 0 = -9*x + 3*x + 126. Calculate the highest common factor of x and p.
7
Suppose 3*b + 4*n + 0*n = 28, 4*n = 4*b. Suppose 0 = 2*v + 13 + 15. Let k = b - v. What is the greatest common factor of 27 and k?
9
Suppose 0 = -m + 2*m - 4. Suppose -6*r + 2*r + 12 = 0. Suppose 3 = -r*n + 15. Calculate the highest common divisor of n and m.
4
Suppose -96 = -2*y - 14*y. What is the highest common divisor of 66 and y?
6
Let v = -47 - -64. Calculate the greatest common factor of v and 697.
17
Let z(m) = -17*m - 13*m - 20*m + 20 - m. Let n be z(-5). Calculate the greatest common divisor of n and 25.
25
Let y(c) = 6*c - 17. Let f be y(9). Let v = f + -31. Calculate the highest common factor of 6 and v.
6
Suppose 3*w + 10 = 4*w. Suppose -3*d = 4*g + 1, -d - g = 4*g + 15. Suppose 3*k - 1 = y, d*y + k - 9 = 2*k. What is the highest common factor of w and y?
2
Let g = -103 + 110. Suppose 6*o - g*o = -15. What is the greatest common factor of o and 30?
15
Suppose 0 = -2*g + g - 2*c + 136, -2*c = 4*g - 532. Calculate the highest common divisor of g and 44.
44
Suppose 16 = 3*w + w. Suppose 5*i - 42 = -4*s, w*i - 19 - 23 = s. Let h(c) = 10*c**2 + 7*c + 4. Let b be h(-2). Calculate the highest common divisor of i and b.
10
Suppose -5*o + 28*o = 644. What is the greatest common divisor of 700 and o?
28
Suppose 3*z - 190 = -2*y, -4*z + 2*y + 252 = 5*y. Suppose -264 = -6*f - z. Calculate the highest common factor of 22 and f.
11
Suppose 4*w - 212 = -4*l, -6*l + 27 = -2*w - 283. Calculate the greatest common factor of l and 52.
52
Suppose -3334 = 3*i + 2*i + 2*f, -4*i - 2654 = -5*f. Let m = -407 - i. Let o = -83 + m. What is the highest common divisor of o and 22?
22
Let j = -14 - -7. Let k be (-149)/(-7) - (-2)/j. Let y = -12 + 26. Calculate the highest common factor of k and y.
7
Let d(m) = 19*m + 48. Let a be d(8). Calculate the highest common factor of 520 and a.
40
Let p(r) = 15*r**2 + 5*r + 2. Let j be p(5). Let o be (-1 - 1)/((-11)/(-1067)). Let w = o + j. What is the highest common factor of w and 26?
26
Suppose -5*j - 2*p = -75 - 229, -5*j + 2*p + 316 = 0. What is the greatest common factor of 124 and j?
62
Suppose -5*w = -3*w + 4*p - 470, p = -2*w + 464. Calculate the highest common divisor of 14 and w.
7
Let g = 21 + -34. Let c = g - -18. Suppose 0 = 3*v - 4 - c. What is the highest common factor of 12 and v?
3
Let u(o) = o**3 - 27*o**2 - 34*o + 243. Let x be u(28). Calculate the greatest common factor of 425 and x.
25
Let u be (19 + -4)*(-2)/(-3). Let f = 13 + -6. Suppose -f = 3*z - 37. Calculate the highest common factor of z and u.
10
Let a(h) = 6*h**3 - h**2 + h - 2. Let w be a(3). Suppose -3*t + 12 = -0. Suppose -t*q = -8*q + 88. What is the highest common divisor of q and w?
22
Suppose -4*p + 5*h + 186 = 0, p - 53 = 2*h - 5. Let k be (-1)/(-1) - (-66 + 1). What is the highest common factor of p and k?
22
Let z be (-9)/6*458/(-3). Suppose 0 = 4*o - z - 763. Let i be 31 - (0/(-1))/(-3). What is the greatest common divisor of o and i?
31
Suppose 3*b - 44 = -4*v - 17, b - 9 = 4*v. Calculate the greatest common factor of b and 1341.
9
Let d = 22 - -30. Let g(w) = 3 - w**2 + 2 - 6 + 2 - 7*w. Let y be g(-3). Calculate the highest common divisor of y and d.
13
Let a(w) = 8*w**3 + w - 1. Let q be a(1). Let l = -5 + q. Let s be ((-10)/(-4))/(2/12). What is the greatest common divisor of s and l?
3
Let f(o) = 26*o**2 + o + 3. Let y be (-3)/(-2) + 72/(-16). Let q be f(y). Calculate the highest common factor of 26 and q.
26
Let v = 24 + -11. Suppose 4*o + 2*z - 2 = 8, -o + v = 4*z.